*q - 77. Calculate the highest common factor of v and q.
4
Let y = 2995 - 2988. Calculate the greatest common factor of y and 1379.
7
Let p = -6 - -14. Let i be 63/14 - (-2)/(-4). Let c be 20*(-2)/i*(10 + -12). Calculate the greatest common factor of c and p.
4
Let d = 96 - 60. Suppose 5*l - d = l. Let h be (l + -29)/((-2)/12). What is the highest common divisor of 12 and h?
12
Let r be 16/32*(-3)/(-6)*44. Let q(n) = -n + 6. Let v be q(4). Let t be 76 + 0 + -1 + v. Calculate the greatest common divisor of t and r.
11
Let j(a) = 4*a**2 + 14*a + 15. Let v be j(-8). Calculate the highest common factor of 424 and v.
53
Suppose s + 1 - 7 = -p, 0 = p - 2*s + 6. Suppose 0*r - 5*r + p*a + 65 = 0, 5*r = -a + 80. Let u = -13 + 28. Calculate the highest common factor of r and u.
15
Suppose -120 = -4*w + 4*v, 2*v = -5*w + v + 120. Suppose 13 = 2*x + 4*o - w, 3*x - 57 = -o. Calculate the greatest common divisor of 57 and x.
19
Suppose -38 = -451*k + 449*k. Calculate the greatest common divisor of k and 760.
19
Let u be 250/(-6)*(10 + (-231)/15). Calculate the highest common divisor of u and 150.
75
Suppose -6*p + 481 = -p - 3*d, -d = 3*p - 297. Calculate the greatest common factor of p and 49.
49
Let x = 69 + -37. Suppose 1029 = 3*u + u + 5*j, 258 = u + 2*j. What is the greatest common factor of x and u?
32
Let c(p) = 2*p**2 - 49*p - 64. Let l be c(26). Let a = l + 1. Calculate the greatest common factor of a and 255.
15
Let f(c) = -2*c**2 - 4*c + 25. Let w(u) = 4*u**2 + 9*u - 51. Let j(k) = -9*f(k) - 4*w(k). Let r be j(-7). What is the greatest common factor of r and 22?
11
Suppose -p + 2*o + 42 = 0, -3*p - o + 199 = 2*p. What is the highest common divisor of 16 and p?
8
Let z = 193 + -103. Suppose o + u + 2*u = -6, 11 = -2*o - 5*u. Let l be 112/12 - 2/o. Calculate the highest common divisor of z and l.
10
Suppose 0 = -2*m + 2*i + 34, 2*m + m - 50 = 2*i. Calculate the highest common factor of 48 and m.
16
Let c = 47 + -45. Let z(x) = 5*x**2 + 2*x - 4. Let v be z(c). What is the greatest common factor of v and 30?
10
Suppose 0 = 5*a - 8*a - 18. Let v be a - (-3)/1 - (-3 + -4). Calculate the greatest common divisor of 68 and v.
4
Suppose 3*b = 5*u + 47, 0 = -3*u + 7*b - 2*b - 25. Let q(v) = -v**2 - 15*v - 9. Let i be q(u). Let y = 4 + i. What is the greatest common factor of 30 and y?
15
Let x(a) = a**3 + 6*a**2 - 8*a - 5. Let d be x(-6). Suppose 5*o - 7 - d = 0. What is the greatest common divisor of 90 and o?
10
Suppose 7*q + 7 = 175. Suppose 0 = 8*f - 3*f - o - 45, -4*o - 20 = 0. Calculate the greatest common factor of f and q.
8
Let c = 1 - 1. Let l = 15 - c. Let v be (-20)/(-19 - -29)*(-270)/4. Calculate the highest common factor of v and l.
15
Suppose -q = 4*l - 13, -l - 8 = 2*q + 2*q. Calculate the highest common factor of l and 12.
4
Let n = -399 - -449. What is the greatest common factor of n and 100?
50
Let b = 9 - -5. Suppose 0*m = 2*m + 8. Let s be (m/(-6))/(2/84). What is the greatest common factor of s and b?
14
Let n = 67 + -39. Suppose p + 0*p - 5*y = -2, -3*y = -4*p + 9. Suppose 2*z - 5*v = 81, -8*z = -p*z - 5*v - 165. What is the greatest common divisor of z and n?
28
Let l(i) = 2*i**3 + 108*i**2 + i + 99. Let z be l(-54). Suppose 4*o = -3*q + 29, -5*q + 4*q - 1 = 4*o. Calculate the greatest common divisor of q and z.
15
Suppose 0 = 8*n - 11 - 21. Let h be (-2*2/n)/((-2)/8). What is the greatest common divisor of 8 and h?
4
Let z = 4 + 5. Let o(r) = -r**3 - 14*r**2 - 18*r - 2. Let q be o(-13). Calculate the greatest common divisor of q and z.
9
Suppose -28 = 4*q + 5*p, -5*q + 0*q - 3*p = 22. Let n = 14 + q. Let r = 117 - n. Calculate the highest common divisor of r and 42.
21
Suppose 18*v - 2142 = -0*v. Calculate the highest common divisor of 7 and v.
7
Let i(x) = 19*x**3 + x**2 + x - 1. Let u be i(1). Suppose 0 = 2*v + 2*h - 34, 2*v - u = -h + 15. Calculate the greatest common divisor of v and 18.
18
Let v = -309 + 376. Calculate the highest common factor of 335 and v.
67
Suppose 5*h + 34 = 1014. Let a be (-1)/(-3 + h/66). Suppose j + 16 = t, 2*t - a = -4*j + 17. What is the highest common divisor of 171 and t?
19
Let x(n) = 3*n - 23. Let g be x(16). Suppose 24*p = g*p + 22. Let h be (-15)/(-35) + p/(-14). What is the highest common factor of 2 and h?
2
Let x be 399/15 - (-6)/(-10). Suppose 0 = 4*b + x + 14. Let t = -2 - b. Calculate the greatest common divisor of 16 and t.
8
Let p be 7 - -1 - (-5)/(20/32). What is the highest common factor of p and 1264?
16
Suppose 0 = -3*v - 3, -2437 = -4*x - 5*v + 10*v. Calculate the greatest common divisor of 96 and x.
32
Let h = 79 - 95. Let v(y) = y**3 + 15*y**2 - 16*y + 23. Let p be v(h). Calculate the greatest common divisor of 207 and p.
23
Suppose -2*g - 394 = 3*g + 4*v, 5*g + 389 = v. Let l = 143 + g. What is the greatest common factor of 13 and l?
13
Let k be (1 - -9)/(6/225*3). Suppose -3 = d - 8. What is the greatest common factor of d and k?
5
Suppose 16 = 4*t + 2*h, -2*t = -5*h - 10 + 2. Suppose -161 = -t*m - 29. Let o = -50076 - -50098. Calculate the highest common factor of m and o.
11
Suppose 2*u - 4 = 4*p + 26, 5*u - p - 75 = 0. Let t be 18/(-36) - 94/4. Let n be (t/u)/(1/(-10)). What is the highest common factor of 128 and n?
16
Let t = 3 + -6. Let s(z) = z**2 - 9*z + 6. Let n be s(7). Let c be 12/(t/n + 0). Calculate the greatest common divisor of 16 and c.
16
Suppose 3*s = -3*i + 48, 5*s + 10*i - 8*i - 74 = 0. Calculate the greatest common factor of s and 469.
7
Let d = 106 - 25. What is the highest common divisor of 18 and d?
9
Let q = 1737 - 1251. Calculate the greatest common divisor of 54 and q.
54
Suppose -5 = -4*h + 4*f + 31, 5*f = -5*h + 45. Suppose -w + 19 = -5*s - h, -3 = -3*s. Calculate the greatest common divisor of w and 44.
11
Let g be (-182 + (-1 - 0))*1. Let w be g/15 + 2/10. Let n = w + 26. What is the highest common divisor of 7 and n?
7
Let x be (-3)/(63/(-5451)) - 6/(-14). Calculate the highest common divisor of 20 and x.
20
Let o(y) = -3*y - 2. Let s be o(-7). Let d = s + -16. Suppose d*u + 0*t - 263 = 4*t, 4*u - 2*t = 344. What is the highest common factor of 17 and u?
17
Suppose -743 = -9*u - 131. Calculate the highest common factor of u and 4.
4
Let o = 2441 - 2111. Suppose -5*s + 78 + 82 = 5*n, s - 2*n = 26. Calculate the highest common divisor of s and o.
30
Let z(n) = 0 + 17*n + 7 + 2 + 3. Let c be z(1). What is the highest common factor of c and 29?
29
Let l = -969 + 981. Calculate the highest common factor of 52 and l.
4
Let x(d) = -d**3 + 22*d**2 - 7*d + 155. Let q be x(22). Calculate the greatest common divisor of 32 and q.
1
Let s(k) be the first derivative of -k**4/4 - 3*k**3 - 13*k**2/2 - 18*k - 20. Let j be s(-8). Calculate the highest common factor of 2 and j.
2
Suppose 2*g = -2*c + 40, -2*g = -5*g - 2*c + 56. Let y be (4 - (1 - 5))*(0 - -8). Calculate the greatest common divisor of y and g.
16
Let k = -140 - -204. Calculate the greatest common factor of 8 and k.
8
Let x = 139 - -334. What is the highest common divisor of x and 86?
43
Let m(a) = -30*a + 491. Let q be m(16). Let u be 766/14 - 2/(-7). What is the highest common factor of u and q?
11
Suppose -2*g + 5*l = -481, 5*g + 4*l - 1255 = 6*l. Let f be (-2107)/(-91) - (-2)/(-13). Calculate the highest common factor of f and g.
23
Let h(t) = -12*t + 116. Let w(a) = 4*a - 39. Let q(o) = -5*h(o) - 14*w(o). Let b be q(10). What is the highest common factor of 15 and b?
3
Suppose -2*c + 4 = -6. Suppose c*o - 300 = -90. What is the highest common factor of 336 and o?
42
Let n(b) = 129*b**2 + 17*b. Let o be n(-1). Calculate the greatest common factor of 49 and o.
7
Suppose -3*k = 4*a - 279, 6*k = -2*a + 4*k + 138. Calculate the greatest common factor of a and 66.
6
Suppose -7*h + 3*h - g = -451, 2*h + 5*g = 239. Calculate the greatest common divisor of 14 and h.
14
Let o = 34 - 15. Let t = 29 - o. What is the highest common divisor of t and 25?
5
Let y(m) = 2*m + 8. Let n be y(8). Suppose 2*a - n = -6. Suppose 5*i = a*i - 80. What is the greatest common factor of 180 and i?
20
Let n be (-5)/2*234/(-13). Suppose n = -m + 6*m. Suppose c = l - m, 3*c + 14 + 0 = 2*l. Calculate the greatest common divisor of l and 26.
13
Let y be (8/(-10))/((-22)/55). Suppose -o + 16 = -y*q, q + 28 = o + 2*o. Suppose 